2. Give x(-8).
4
Let a(s) = 3*s**3 + 125*s**2 + 198*s - 77. Calculate a(-40).
3
Let s(z) = 1585*z - 17430. Give s(11).
5
Let i(o) = -o**2 + 80*o - 697. What is i(12)?
119
Let y(n) = -4*n**3 + 33*n**2 + 79*n - 464. Calculate y(9).
4
Let d(y) = y**3 - 4*y**2 - 87*y - 155. Give d(-6).
7
Let x(v) = 30*v**2 - 237*v - 16. Calculate x(8).
8
Let m(s) = 5*s**3 + 10*s**2 - 3*s + 10. What is m(-3)?
-26
Let m(w) = -10*w**2 + 88*w + 562. What is m(-7)?
-544
Let x(z) = -z**2 + 68*z - 992. What is x(47)?
-5
Let x(z) = -58*z + 1382. What is x(27)?
-184
Let m(h) = 2*h**3 + 139*h**2 - 599*h + 45. Calculate m(4).
1
Let j(w) = -w**3 - 205*w**2 - 1575*w + 12. Determine j(-8).
4
Let q(j) = -8*j**2 + 47*j + 1. What is q(6)?
-5
Let h(l) = 9*l**2 + 391*l + 186. Determine h(-43).
14
Let x(t) = -23*t + 781. What is x(30)?
91
Let g(u) = -u**3 + 666*u**2 - 33048*u - 5. Calculate g(54).
-5
Let d(g) = -g**3 + 2*g**2 + 48*g - 146. Calculate d(6).
-2
Let g(y) = 7*y**2 - 360*y + 164. Calculate g(51).
11
Let n(d) = -d**2 + 65*d - 302. What is n(5)?
-2
Let w(k) = 14*k - 55. Calculate w(-7).
-153
Let f(i) = 2*i**3 - 14*i**2 - 8*i + 5. Calculate f(8).
69
Let w(d) = -2*d**3 + 41*d**2 - 3*d - 26. Give w(20).
314
Let t(a) = 8*a - 16. Determine t(6).
32
Let m(c) = c**3 + 12*c**2 + 17*c - 42. Calculate m(-10).
-12
Let z(v) = -2*v**2 + 182*v + 127. What is z(93)?
-245
Let o(z) = 10*z**2 - 119*z - 8. What is o(12)?
4
Let a(u) = 34*u + 213. What is a(-10)?
-127
Let m(j) = -941*j + 175029. Give m(186).
3
Let o(z) = -z**2 - 17*z - 30. What is o(-24)?
-198
Let w(d) = -4*d**2 - 8*d - 35. What is w(-3)?
-47
Let w(s) = 163*s - 9944. What is w(61)?
-1
Let v(l) = -14*l**2 + 12*l + 25. Calculate v(-3).
-137
Let q(f) = f**3 + 117*f**2 + 1081*f + 1185. Determine q(-107).
8
Let c(k) = -k**3 - 4*k**2 + 3*k - 167. What is c(-9)?
211
Let c(p) = 21*p**2 + 184*p - 512. Determine c(-11).
5
Let j(n) = -5*n**2 + 27*n - 35. Calculate j(12).
-431
Let q(a) = 2*a**3 - 17*a**2 - 63*a + 599. What is q(8)?
31
Let h(s) = -2*s**3 + 56*s**2 + 121*s - 26. Determine h(30).
4
Let y(z) = 5*z**2 + 60*z - 28. What is y(-13)?
37
Let l(t) = 3*t**2 + 20*t + 31. Determine l(-6).
19
Let r(u) = 2*u**3 + 6*u**2 + 4*u - 13. What is r(-5)?
-133
Let c(r) = -2*r**3 + 15*r**2 + 153*r - 1124. Give c(7).
-4
Let z(l) = 968*l - 1934. What is z(2)?
2
Let x(o) = -25*o - 45. Determine x(-1).
-20
Let a(k) = 7*k**2 - 22*k + 26. Determine a(4).
50
Let y(c) = -c**2 + 16*c + 549. Determine y(35).
-116
Let z(p) = -48*p + 1060. Give z(17).
244
Let n(i) = 47*i + 487. Calculate n(-12).
-77
Let n(d) = -d**3 - 18*d**2 + 6*d + 566. Determine n(-16).
-42
Let q(i) = 4*i**2 - 56*i - 183. What is q(16)?
-55
Let r(q) = -q**2 - 281*q + 6654. Determine r(22).
-12
Let w(g) = g**2 + 78*g + 118. Determine w(0).
118
Let l(q) = q**3 - 38*q**2 + 278*q + 18. Determine l(10).
-2
Let y(v) = 14*v**2 + 74*v - 18. Give y(-5).
-38
Let z(t) = -485*t - 11067. What is z(-23)?
88
Let o(t) = -155*t - 2954. Give o(-19).
-9
Let c(q) = -161*q - 1460. Give c(-9).
-11
Let k(b) = -24*b**2 + 62*b - 62. Calculate k(1).
-24
Let f(y) = -y**3 - 19*y**2 - 47*y + 9. Calculate f(-14).
-313
Let d(t) = -t**2 + 19*t - 30. Give d(18).
-12
Let h(s) = 121*s - 3282. Calculate h(27).
-15
Let s(d) = -d**3 + 10*d**2 + d + 18. What is s(10)?
28
Let v(g) = -g**2 - 36*g + 570. Calculate v(-48).
-6
Let r(y) = y**3 - 3*y**2 + 3*y - 8. Determine r(0).
-8
Let w(p) = -p**3 - 9*p**2 + 115*p + 965. Calculate w(-8).
-19
Let s(i) = -10794*i + 32376. Determine s(3).
-6
Let m(t) = -7*t + 10. What is m(-5)?
45
Let d(l) = -l**3 + 81*l + 188. Determine d(0).
188
Let y(c) = -c**2 + 2*c + 7917. Determine y(90).
-3
Let i(n) = -130*n + 1317. Give i(10).
17
Let t(g) = -8*g**2 + 12*g + 15. What is t(-4)?
-161
Let x(c) = c**3 - 39*c**2 + 37*c + 29. What is x(38)?
-9
Let q(i) = -2*i**3 - 32*i**2 - 27*i - 376. Give q(-16).
56
Let u(s) = 2*s**3 - 37*s + 37. Calculate u(1).
2
Let v(p) = -2*p**2 - 12*p + 51. What is v(-8)?
19
Let j(d) = -221*d**2 + 848*d + 141. Calculate j(4).
-3
Let s(a) = 3*a**2 - 46*a + 168. What is s(9)?
-3
Let z(p) = -p**3 + 16*p**2 + 4*p - 282. Determine z(15).
3
Let q(o) = -66*o**2 - 1182*o + 108. Give q(-18).
0
Let u(x) = 2*x**3 + 16*x**2 - 19*x - 54. What is u(-9)?
-45
Let w(s) = -5*s**3 - 4*s - 13. Give w(-2).
35
Let i(b) = -8*b**2 + 492*b + 256. Determine i(62).
8
Let m(n) = 11*n**2 + 73*n - 2. Give m(-6).
-44
Let k(v) = v**2 - 51*v + 27. What is k(51)?
27
Let b(m) = -394*m + 1019. Give b(3).
-163
Let l(t) = -2*t**3 - 82*t**2 + 83*t - 59. Calculate l(-42).
-17
Let v(f) = 3*f**2 - 15*f + 26. Give v(9).
134
Let n(u) = -70*u - 2069. Give n(-28).
-109
Let i(y) = -187*y - 5423. Calculate i(-29).
0
Let d(w) = 13*w + 91. Determine d(7).
182
Let l(h) = -h**2 - 244*h - 65. Give l(0).
-65
Let r(h) = -2*h**2 - 24*h - 76. Calculate r(-11).
-54
Let p(n) = -n**3 - 30*n**2 - 58*n - 11. Determine p(-28).
45
Let n(m) = -32*m + 24. Calculate n(1).
-8
Let z(k) = k**3 + 14*k**2 - 8*k + 14. What is z(-15)?
-91
Let v(x) = 697*x - 700. Calculate v(1).
-3
Let g(d) = d**2 + 3*d - 409. Calculate g(-21).
-31
Let k(v) = 49*v**3 + 4*v**2 - 9*v + 6. Calculate k(1).
50
Let o(n) = -113*n**2 - 5202*n - 207. Determine o(-46).
-23
Let p(r) = -18*r + 719. What is p(62)?
-397
Let n(f) = -7*f**2 - 17*f + 23. What is n(0)?
23
Let d(a) = 3*a**2 + 73*a + 37. What is d(-23)?
-55
Let f(w) = 115*w - 581. What is f(6)?
109
Let j(y) = -y**2 + 15*y - 45. Determine j(8).
11
Let o(l) = -l + 5. Give o(0).
5
Let c(j) = 2*j**3 + 4*j**2 - 126*j + 6. What is c(7)?
6
Let y(z) = 4067*z + 101677. Determine y(-25).
2
Let t(c) = 285*c - 2852. What is t(10)?
-2
Let w(y) = 19*y + 994. Give w(-54).
-32
Let a(c) = 2*c**2 - 22*c + 66. Give a(12).
90
Let w(a) = -a**2 + 80*a - 821. Determine w(12).
-5
Let t(v) = v**3 - 29*v**2 - 35*v + 58. Calculate t(30).
-92
Let x(j) = 6*j - 241. Give x(36).
-25
Let p(t) = -29*t + 1276. Give p(45).
-29
Let s(p) = p**2 - 307*p - 4175. Determine s(-13).
-15
Let j(l) = 52*l - 227. What is j(7)?
137
Let k(m) = -m**3 + 10*m**2 + 63*m - 294. Calculate k(13).
18
Let g(s) = 220*s - 2601. What is g(12)?
39
Let s(y) = -5*y - 12. Calculate s(5).
-37
Let g(a) = -2*a**3 - 41*a**2 - 20*a + 11. Determine g(-20).
11
Let q(g) = -4*g**3 + 474*g**2 + 231*g + 839. Calculate q(119).
6
Let l(s) = -s**3 - 17*s**2 - 67*s - 3. Give l(-5).
32
Let z(p) = -p**3 - 4*p**2 + 108*p - 201. Determine z(2).
-9
Let l(d) = 14*d - 55. Give l(4).
1
Let q(j) = 2*j**2 - 90*j - 196. Calculate q(51).
416
Let y(f) = -f**3 + 20*f**2 - 24*f + 19. Calculate y(19).
-76
Let d(k) = 197*k + 320. What is d(-5)?
-665
Let d(w) = -3*w**3 + 72*w**2 + 25*w - 600. Calculate d(24).
0
Let c(y) = 4*y**2 - 75*y - 223. Calculate c(20).
-123
Let g(m) = 330*m + 17174. What is g(-52)?
14
Let n(q) = 586*q + 10022. Determine n(-17).
60
Let r(o) = -19*o + 40. Determine r(2).
2
Let z(h) = -h**2 - 16*h + 57. Calculate z(-19).
0
Let m(v) = -v**2 - 23*v + 256. What is m(-28)?
116
Let g(u) = 4*u**2 + 19*u - 63. Calculate g(3).
30
Let o(s) = 12*s**3 - 17*s + 45. Give o(2).
107
Let i(h) = 9*h**2 - 20*h + 241. What is i(0)?
241
Let i(q) = -181*q**3 + 8*q**2 - 5*q - 1. Calculate i(1).
-179
Let d(f) = -f**3 + 11*f**2 + 60*f + 70. Give d(-2).
2
Let m(q) = q**3 - 102*q**2 + 107*q - 700. What is m(101)?
-94
Let j(x) = -5*x**3 + 4*x**2 + 3*x - 8. Calculate j(-3).
154
Let j(s) = -2*s**3 - 58*s**2 + 268*s + 160. Determine j(-33).
28
Let c(v) = 14*v + 694. Calculate c(-36).
190
Let m(r) = r**3 + 29*r**2 + 68*r + 107. Calculate m(-27).
-271
Let g(y) = -39*y**3 + 4*y**2 - 32*y + 29. Give g(1).
-38
Let c(d) = d**3 - 28*d**2 - 337*d - 40. What is c(-9)?
-4
Let m(q) = 60*q + 728. Give m(-12).
8
Let c(i) = i**2 + 3*i + 130. Determine c(-17).
368
Let b(v) = -24*v**3 - 2*v**2 + 5*v - 4. Determine b(2).
-194
Let f(g) = -310*g - 611. What is f(-2)?
9
Let y(v) = 144*v - 127. What is y(1)?
17
Let v(l) = l**3 + 7*l**2 + 9*l. Calculate v(-6).
-18
Let a(g) = g**3 + 12*g**2 - 17*g - 158. What is a(-12)?
46
Let f(w) = w**3 - 29*w**2 + 134*w - 347. Give f(24).
-11
Let b(f) = 120*f + 4323. Give b(-36).
3
Let s(z) = z**3 + 63*z**2 + 4*z + 167. Give s(-63).
-85
Let b(z) = -104*z + 17258. Determine b(166).
-6
Let p(f) = 7*f**2 - 687*f - 3585. Give p(-5).
25
Let z(y) = -12*y**2 - 23*y - 1. Determine z(-2).
-3
Let d(y) = -164*y**2 + 82